12))/((-4)/6). Suppose 25*l - 2288 = 7*l - 34*l. Calculate the highest common divisor of l and c.
44
Suppose -1656 = 4*m - 12*m. Suppose -r - 90 = 2*f, -20 + m = -2*r + 3*f. Let c be (r/(-12))/((-196)/66 - -3). What is the highest common factor of 11 and c?
11
Let u(a) = a**3 + 3*a + 235. Let f be u(0). Suppose -f*v = -232*v - 27. Calculate the highest common divisor of 423 and v.
9
Suppose -57*q - 32*q + 88*q + 132 = 0. Calculate the greatest common factor of q and 516.
12
Let t(y) = -2*y**3 - 3*y**2 + 2*y + 11. Suppose 2*g + 3*k + 2 = -10, -4*k = 8. Let c be t(g). What is the greatest common factor of c and 24?
8
Suppose 262 = 6*m - 8. Suppose 2*t = -q + 18 + 21, 4*q + 2*t = 174. What is the greatest common factor of m and q?
45
Let l = 252 + -163. Suppose l = 9*d - 541. Let q be ((-2)/3)/(8/(-168)). Calculate the greatest common factor of d and q.
14
Suppose 5*h = -0*h + 510. Let p(a) = -15*a + 57. Let r be p(3). What is the greatest common factor of r and h?
6
Suppose -2*b = -5*b + 36. Let i = 26067 - 25119. Calculate the highest common factor of i and b.
12
Suppose 5*q = -2*p + 328, -596*q + 592*q + 272 = 4*p. What is the greatest common factor of 1488 and q?
16
Suppose 9*q - 157 = -103. Let i(l) = 10*l**2 - 14*l - 2. Let z be i(4). Calculate the greatest common divisor of q and z.
6
Suppose -2*w + 2*b + 4 + 10 = 0, 10 = -2*b. Let d(u) = -u**2 - 15*u - 21. Let z be d(-13). What is the highest common factor of z and w?
1
Suppose -d + 56 = 3*d. Let v(o) = 3*o**2 - 25*o + 50. Let u be v(12). What is the highest common factor of d and u?
14
Suppose 0 = -97*s + 100*s - 12, c - 2*s - 9861 = 0. Calculate the greatest common divisor of 139 and c.
139
Let a(t) = 5*t**3 - 19*t**2 - 5*t - 8. Let i be a(5). What is the greatest common divisor of i and 936?
117
Suppose b + 2*m + 20 = 0, -2*m - 105 = 4*b - 13. Let z(d) = d**3 + 23*d**2 - 31*d - 53. Let g be z(b). What is the highest common factor of 46 and g?
23
Let r = 8013 + -1884. Suppose 0 = -33*d + r - 1905. Calculate the greatest common divisor of 8 and d.
8
Let u(s) = -5*s + 80. Let a(o) = 11*o - 162. Let f(y) = -2*a(y) - 5*u(y). Let k be f(30). What is the highest common factor of 266 and k?
14
Let q be 58/3 + (-21)/63 + 2. Let a be q*1/(4 - 5)*-1. Calculate the highest common divisor of 49 and a.
7
Suppose 9*o = -4*o - 2626. Let q = 216 + o. Calculate the highest common factor of q and 140.
14
Let o be (-1)/7 - (-30981)/483. Let k = 174 + -166. What is the highest common factor of k and o?
8
Let n = 74 - 19. Let s be ((-22)/n)/(1/(-10)). Let j be s/(-8)*6/(-5)*5. Calculate the highest common divisor of 9 and j.
3
Suppose 0 = 2*f - 2*r - 493 - 443, -4*f = -r - 1878. Let z = f - 200. Let g(n) = 16*n - 2. Let h be g(2). What is the highest common divisor of z and h?
30
Let u(g) be the second derivative of 0 - 10/3*g**3 + 6*g**2 + 4*g. Let s be u(-6). What is the highest common divisor of 12 and s?
12
Suppose 26*j + 232 = 1168. Let l be (((-18)/(-21))/3)/(j/252). Calculate the greatest common divisor of 14 and l.
2
Let v be (-4)/12 - 381/(-9). Let d = -38 + v. Suppose o + 24 = d*o. Calculate the highest common divisor of 56 and o.
8
Let c be 3*-24*(-2)/(-9). Let l be 446/8 - 4/c. Suppose 28 = -5*m + 68. What is the highest common divisor of l and m?
8
Let t(s) = 9*s**2 - 34*s - 18. Let x be t(-9). What is the greatest common factor of x and 9?
9
Suppose 66*m + 1350 = 69*m. Suppose 4*o - o = m. Suppose -63 - 12 = -3*w. What is the highest common factor of w and o?
25
Suppose 5*t = -7*t + 60. Let s be t + 4/12*15. What is the greatest common divisor of 65 and s?
5
Let i(d) = -d**2 + 10*d + 20. Let a be i(4). What is the greatest common factor of a and 1551?
11
Let t(w) = 53*w + 1065. Let g be t(-20). What is the highest common factor of g and 8140?
5
Let p(z) = -z**2 + 22*z - 51. Let m be p(19). Let u(j) = 7*j - 27. Let t be u(6). Calculate the greatest common divisor of m and t.
3
Suppose 2*u = -3*u - 550. Let w = u + 175. Calculate the highest common factor of 39 and w.
13
Suppose -528 = -53*y + 9*y. Suppose 5*r - 786 = 10*i - 8*i, 12 = -4*i. Calculate the greatest common divisor of y and r.
12
Let a be (((-84)/8)/7)/((-3)/6). Suppose -14 = -4*c - 2*l, a*l - 10 = -2*c + 7. What is the highest common factor of 13 and c?
1
Suppose 1665 = 6*d + 1155. What is the greatest common divisor of 425 and d?
85
Suppose -5*u + 773 - 298 = 0. Let w = u - 83. Suppose 3*d = -5*l + 70, -2*l + 2*d = -0*d - w. Calculate the greatest common divisor of l and 176.
11
Let o = -9162 + 9525. What is the highest common factor of 429 and o?
33
Suppose -346*j = 346*j - 5758 - 4622. What is the highest common factor of j and 11?
1
Let c(d) = -d**3 + 8*d**2 + 37*d - 10. Let q be c(-15). Calculate the highest common factor of 20 and q.
10
Let a be 2/(-1) - (-1871)/(7 + -16 + 10). Calculate the highest common factor of 21 and a.
21
Let l be ((-13916)/(-2485))/(14/300). Calculate the highest common factor of l and 10560.
120
Let t be -1 - 182/(-3) - ((-527)/51)/31. What is the highest common divisor of t and 5260?
20
Suppose 0 = -2*s + 4*q + 220, 17*q - 211 = -2*s + 18*q. What is the greatest common divisor of s and 1846?
26
Let m = -1 + 11. Let r be -4 - (-16)/(-14)*28/8. Let f be 420/150 + 0 + r/10. What is the greatest common divisor of m and f?
2
Let i be (-2 - 2400/(-57)) + (-4)/38. What is the greatest common factor of 16 and i?
8
Let z(x) = 5*x**2 - 3*x + 4. Let n be z(-3). Suppose 2716 = 1072*b + 286*b. Calculate the greatest common divisor of n and b.
2
Let q(l) = -9*l - 112. Let t be q(-20). Calculate the greatest common divisor of t and 17.
17
Let n be 5 + (-3 - -3) - -15. Let x be -11 + 6 + n - 5. Calculate the highest common factor of 430 and x.
10
Suppose -151*s = -14857 + 6099. Calculate the greatest common factor of s and 2523.
29
Let g = 65 + -52. Suppose -7*l = -g*l + 210. Suppose 0*n + l = 7*n. What is the greatest common divisor of 2 and n?
1
Suppose 0 = -3*h + 12*x - 16*x + 352, -370 = -3*h + 5*x. Suppose -2*a - 3*a - 3*b = -453, 3*a = 2*b + 268. What is the greatest common factor of h and a?
30
Let b(y) = -y**3 + 18*y**2 + 96*y + 12. Let f be b(14). What is the highest common divisor of 140 and f?
20
Let u be ((-15)/(-2))/((-102)/(-272)). Suppose 7 = i + 2*h - 75, 3*i = -5*h + 250. What is the greatest common divisor of i and u?
10
Suppose 0 = -22*y + 102 + 228. Suppose -y = -9*j + 4*j. What is the highest common factor of 5 and j?
1
Let n(z) = 964*z - 4147. Let k be n(43). Calculate the highest common divisor of 15 and k.
15
Let k = -16886 - -19682. Calculate the greatest common factor of k and 6.
6
Let y be 6238/(-96689)*(-279)/2. Let a be 4 - -655 - 2*1. Calculate the greatest common factor of a and y.
9
Let y be (-4)/(-3) - (-338184)/1512. Calculate the greatest common factor of y and 2425.
25
Let i(c) = c**2 + 4*c + 13. Let m = -19 - -23. Let p be 1/((m - 3)/(-5)). Let k be i(p). What is the highest common factor of k and 36?
18
Let i be (48/(-21))/(-4) - (-2409)/231. Calculate the greatest common divisor of 2288 and i.
11
Suppose -24 - 66 = -9*z. Suppose z*g - 11*g = -77. Let v be 2/(-3) + (-202)/(-6). What is the greatest common divisor of v and g?
11
Let n = -333 - -908. Suppose 0 = 14*x + 71 - n. What is the greatest common factor of 8 and x?
4
Suppose -2749*r + 2736*r + 442 = 0. Suppose -5*i + 20 = -0*i. Suppose -2*d + i*d - r = 0. Calculate the highest common divisor of 119 and d.
17
Suppose 0 = -5*s + 37541 - 36401. What is the highest common factor of s and 4902?
114
Let z(y) = -y**2 - 22*y + 19. Let j(u) = -4*u + 13. Let l be j(-7). Let t = 20 - l. Let h be z(t). Calculate the greatest common factor of 20 and h.
20
Let f be (51/102)/((-2)/116). Let g be 1 - (f + 24/6). Calculate the greatest common divisor of 273 and g.
13
Suppose -3*t - 23 = -2*n, 2 = -2*n + n - 3*t. Suppose 67*y - 110*y = -7525. What is the highest common divisor of y and n?
7
Let q(s) = s**2 + 6*s + 13. Let o be q(-12). Suppose 20 = 11*h - 167. Calculate the greatest common factor of h and o.
17
Let z be ((6 + 1172)/(-19))/(-2). Calculate the highest common divisor of z and 217.
31
Let v(b) = 29*b**2 - 2*b. Let k(l) = 2*l + 58. Let o be k(-30). Let m be v(o). Calculate the greatest common divisor of m and 30.
30
Let c =